3. Give x(-196).
789
Let o(w) = -16*w**2 + 59254*w - 472999. Determine o(8).
9
Let n(r) = -8948*r + 26158. Give n(3).
-686
Let d(p) = -17*p**2 + 1232*p - 357. What is d(72)?
219
Let b(q) = 2*q**3 + 2*q**2 + 340*q - 1867. Determine b(5).
133
Let o(h) = 2*h**3 + 5*h**2 + 1155*h - 6173. What is o(5)?
-23
Let u(z) = 47*z**2 - 819*z - 14. What is u(15)?
-1724
Let r(i) = i**3 - 262*i**2 - 523*i - 3735. What is r(264)?
-2415
Let w(m) = 1844*m + 18390. Give w(-10).
-50
Let k(t) = -t**3 + 103*t**2 - 189*t - 11105. What is k(100)?
-5
Let g(x) = -555*x + 523. Give g(0).
523
Let f(s) = -151993*s + 303982. Determine f(2).
-4
Let n(k) = 94*k**2 - 14*k - 27. Calculate n(1).
53
Let h(d) = -709*d**2 + 78027*d - 4032. Determine h(110).
38
Let p(u) = -u**2 + 8*u + 156. Give p(-13).
-117
Let i(j) = 2*j**3 + 35*j**2 - 57*j + 851. What is i(-20)?
-9
Let y(p) = -2*p**2 - 222*p + 11710. What is y(39)?
10
Let z(x) = -472*x + 42966. What is z(91)?
14
Let d(v) = 2931*v + 103151. Give d(-35).
566
Let z(y) = -y**3 + 23*y**2 + 172*y - 35. What is z(29)?
-93
Let t(c) = 33*c**2 - 8647*c + 34307. Determine t(258).
-7
Let c(g) = 41863*g - 4018850. Give c(96).
-2
Let a(f) = -1038*f + 146430. Calculate a(141).
72
Let t(o) = 48*o**2 - 460*o + 1388. Calculate t(3).
440
Let g(i) = 3*i**2 - 847*i + 6571. Calculate g(8).
-13
Let v(r) = -2531*r + 1314. Calculate v(1).
-1217
Let d(o) = -8*o**2 - 556*o + 22838. Calculate d(29).
-14
Let h(t) = 2*t**3 - 6*t**2 - 30*t - 96. Determine h(-9).
-1770
Let u(r) = 5693*r - 124545. Calculate u(22).
701
Let y(x) = 14272*x - 499583. Calculate y(35).
-63
Let a(g) = -g**3 - 5*g**2 - 31*g + 32. Determine a(1).
-5
Let x(u) = -u**2 - 12757*u + 63822. Give x(5).
12
Let s(a) = 56*a**3 + 51*a**2 - 106*a - 1. Give s(2).
439
Let u(a) = 21789*a**2 + 261472*a + 49. Give u(-12).
1
Let a(w) = -10*w**3 - w**2 - 53829*w - 53829. Give a(-1).
9
Let l(u) = 84*u**2 - 1043*u - 17806. Calculate l(22).
-96
Let l(d) = -11266*d - 225415. Give l(-20).
-95
Let m(o) = 322*o + 18017. Calculate m(-56).
-15
Let u(w) = -15481*w - 77474. Give u(-5).
-69
Let a(k) = 56043*k + 2017528. Calculate a(-36).
-20
Let c(d) = -13*d**3 + 345*d**2 + 135*d + 741. Calculate c(27).
12
Let m(r) = -59*r**2 - 67*r + 174. Determine m(5).
-1636
Let s(y) = -4*y**3 + 2*y**2 + 9*y - 53. What is s(4)?
-241
Let a(l) = -11365*l - 193192. What is a(-17)?
13
Let t(q) = 336*q + 59266. Determine t(-177).
-206
Let x(w) = 642*w + 6869. Give x(-10).
449
Let o(h) = 2*h**3 + 9*h**2 - 198*h - 216. Calculate o(-12).
0
Let d(l) = 3035*l + 1566074. Calculate d(-516).
14
Let p(y) = 504*y + 103953. Give p(-206).
129
Let k(n) = -n**2 - 312*n - 153. What is k(0)?
-153
Let v(g) = -g**2 - 4619*g - 1145619. Calculate v(-263).
9
Let a(y) = 2*y**3 + 602*y**2 + 2402*y + 103. Calculate a(-4).
-1
Let g(v) = v**3 + 121*v**2 - 1283*v - 271. Give g(10).
-1
Let k(i) = -137*i**2 + 90148*i - 1312. What is k(658)?
4
Let k(t) = -17*t**2 - 322*t + 585. Determine k(-19).
566
Let n(w) = 39*w**2 + 16346*w + 114478. Give n(-7).
1967
Let s(j) = j**3 - 35*j**2 - 494*j - 374. Give s(46).
178
Let t(m) = -395502*m + 790995. What is t(2)?
-9
Let d(x) = 3*x**3 + 7*x**2 + 38*x + 373. Give d(-7).
-579
Let l(f) = -54*f + 2909. Give l(71).
-925
Let a(c) = 2*c**3 - 302*c**2 + 2295*c - 929. What is a(143)?
72
Let b(h) = -203*h - 2698. Determine b(-15).
347
Let c(b) = b**3 + 1224*b**2 + 161102*b + 259. Calculate c(-150).
-41
Let k(b) = -b**3 + 21*b**2 - 440*b + 13473. What is k(25)?
-27
Let p(l) = -43015*l + 172060. Determine p(4).
0
Let l(w) = -7*w**3 - 7*w**2 - 28*w + 116. Calculate l(4).
-556
Let l(f) = 13*f**3 + 40*f**2 - 64*f - 175. Determine l(-3).
26
Let j(r) = 607*r + 64229. What is j(-106)?
-113
Let r(w) = -2*w**2 - 2308*w + 1310201. What is r(417)?
-13
Let j(n) = -4*n**3 + 113*n**2 - 798*n + 7. Give j(14).
7
Let v(i) = 106*i + 27081. Determine v(-251).
475
Let m(w) = w**3 + 24*w**2 - 71*w - 1166. Calculate m(-25).
-16
Let h(s) = 25509*s - 229591. Calculate h(9).
-10
Let d(m) = -33090*m - 33073. Determine d(-1).
17
Let j(a) = -24*a**3 - 282*a**2 - 201*a - 7. Calculate j(-11).
26
Let d(w) = -52124*w + 6880374. Determine d(132).
6
Let x(q) = 1492*q + 77004. Determine x(-52).
-580
Let y(z) = -z**2 - 366*z + 152232. What is y(-614)?
-40
Let w(f) = 6995*f - 62962. What is w(9)?
-7
Let m(q) = -q**2 + 30*q + 3953. What is m(-60)?
-1447
Let i(g) = 2276537*g + 6829604. Calculate i(-3).
-7
Let c(a) = -2*a**3 + 24*a**2 + 25*a - 389. Calculate c(13).
-402
Let b(u) = -u**3 - 114*u**2 - 3198*u + 938. What is b(-63)?
-7
Let q(p) = -12651*p + 88548. Give q(7).
-9
Let l(t) = 16*t**2 - 18*t - 298. Give l(0).
-298
Let q(s) = -2411*s - 67703. Give q(-28).
-195
Let k(x) = x**3 + 28*x**2 + 151*x - 622. Give k(-12).
-130
Let d(p) = 986*p + 4992. Determine d(-5).
62
Let s(t) = -233*t + 3168. Determine s(9).
1071
Let y(s) = -s**2 - 317*s + 5675. What is y(17)?
-3
Let k(j) = 59*j**3 - 2414*j**2 - 186*j - 727. Calculate k(41).
52
Let q(w) = -2*w**3 + 2*w**2 - 62*w - 375. What is q(-5)?
235
Let c(w) = w**3 - 4*w**2 - 83*w + 113. Calculate c(13).
555
Let r(h) = -223*h - 2542. Calculate r(-12).
134
Let g(y) = -2267*y + 15860. Calculate g(7).
-9
Let m(x) = x**3 - 109*x**2 - 219*x + 8. What is m(-2)?
2
Let s(m) = -m**2 - 1078*m - 52404. Determine s(-1027).
-27
Let r(d) = -7*d**3 - 729*d**2 + 2264*d - 70. Calculate r(3).
-28
Let p(y) = -y**2 - 78*y + 2830. What is p(-105)?
-5
Let d(r) = -r**3 + 34*r**2 + 40*r - 329. Give d(35).
-154
Let i(w) = 184*w**2 - 61880*w + 18792. Give i(336).
-24
Let g(n) = 2*n**3 + 85*n**2 - 1123*n - 180. What is g(-53)?
350
Let j(f) = -370*f**2 + 28862*f + 212. What is j(78)?
368
Let m(c) = c**3 - 24*c**2 + 145*c + 122. Give m(18).
788
Let r(n) = -n**3 - 4*n**2 + 106*n + 636. Determine r(-7).
41
Let i(u) = 638*u - 222595. Calculate i(349).
67
Let g(t) = -420*t - 18877. Calculate g(-45).
23
Let n(x) = 4014*x - 16189. Calculate n(4).
-133
Let c(r) = -12*r + 902. Determine c(-3).
938
Let x(p) = -p**3 - 23*p**2 + 2345*p + 58812. Determine x(-26).
-130
Let p(i) = 7*i**3 - 184*i**2 + 634*i + 572. Give p(5).
17
Let u(j) = -209*j**2 - 540*j - 41. Give u(-3).
-302
Let f(t) = t**3 + 996*t - 8479. What is f(8)?
1
Let g(p) = -p**2 + 313*p - 14257. Give g(55).
-67
Let r(z) = 220*z**2 + 66662*z + 45. Determine r(-303).
-561
Let t(s) = -12034*s - 48186. Determine t(-4).
-50
Let d(p) = 118*p**2 - 3137*p + 9740. Determine d(23).
11
Let a(z) = -z**3 - 74*z**2 + 404*z + 24670. Give a(-75).
-5
Let i(z) = -57*z**2 + 4236*z + 192. What is i(75)?
-2733
Let r(k) = -2*k**2 - 6736719*k - 13473438. What is r(-2)?
-8
Let z(b) = 469*b - 30479. Calculate z(64).
-463
Let g(h) = 7103*h + 78177. Give g(-11).
44
Let a(s) = 847*s + 6356. Determine a(-6).
1274
Let b(u) = -u**2 + 124453*u + 4979716. What is b(-40)?
-4
Let g(f) = -2277*f + 11384. Give g(5).
-1
Let h(j) = 47*j**3 + j**2 - 5681*j - 5683. Determine h(-1).
-48
Let c(m) = -m**3 - 5*m**2 - 41*m - 339. What is c(-6)?
-57
Let r(w) = -w**3 + w**2 + 6563*w - 45873. Give r(7).
-226
Let p(m) = -181*m**2 - 1202*m + 479. What is p(-7)?
24
Let p(v) = 36587*v - 951400. What is p(26)?
-138
Let n(v) = -104*v**2 + 150*v - 119. Calculate n(6).
-2963
Let q(y) = y**2 - 511*y - 47272. Determine q(-80).
8
Let n(m) = 9502*m + 2660557. What is n(-280)?
-3
Let o(p) = -6534*p - 98130. Give o(-15).
-120
Let y(l) = 206*l**2 - 3206*l + 1741. Calculate y(15).
1
Let w(c) = c**3 - 35*c**2 - 44*c + 7265. Determine w(22).
5
Let x(c) = 5370*c - 263159. What is x(49)?
-29
Let x(a) = -8219*a - 387086. What is x(-47)?
-793
Let z(f) = -16265*f + 406633. Determine z(25).
8
Let r(d) = 1807*d + 18097. Give r(-10).
27
Let r(h) = -h**3 - 44*h**2 + 3500*h + 139097. Determine r(-37).
14
Let g(r) = -2*r**3 - 194*r**2 - 375*r - 330. What is g(-95)?
-805
Let u(q) = -121*q**2 + 18151*q - 150. What is u(150)?
0
Let d(c) = -26688*c + 160071. Calculate d(6).
-57
Let l(n) = 78973*n + 631791. Determine l(-8).
7
Let y(v) = 2*v**3 + 929*v**2 - 506*v - 19080. Give y(-465).
-15
Let g(i) = i**3 - 63*i**2 - 547*i + 4. Give g(-7).
403
Let v(j) = -j**3 + 33*j**2 + 420*j + 472. Determine v(43).
42
Let n(j) = -j**3 + 65*j**2 + 1594*j - 43. Calculate n(-19).
-5
Let j(x) = 80*x**2 + 682*x - 4003. Give j(6).
2969
Let u(d) = d**3 - 28*d**2 - 358*d + 934. Determine u(37).
9
Let l(y) = 3*y**3 